 23, 157
What are the prime factors of 69611?
151, 461
What are the prime factors of 4357?
4357
List the prime factors of 81761.
81761
What are the prime factors of 543?
3, 181
List the prime factors of 10795.
5, 17, 127
What are the prime factors of 425?
5, 17
What are the prime factors of 48634?
2, 24317
What are the prime factors of 12502?
2, 7, 19, 47
What are the prime factors of 7040?
2, 5, 11
List the prime factors of 4862.
2, 11, 13, 17
What are the prime factors of 140068?
2, 19, 97
List the prime factors of 4626.
2, 3, 257
What are the prime factors of 2209?
47
What are the prime factors of 2955?
3, 5, 197
What are the prime factors of 3267?
3, 11
List the prime factors of 17899.
7, 2557
List the prime factors of 2703.
3, 17, 53
List the prime factors of 1537.
29, 53
List the prime factors of 11003.
11003
What are the prime factors of 51163?
7, 7309
List the prime factors of 51329.
51329
List the prime factors of 2800.
2, 5, 7
List the prime factors of 103587.
3, 11, 43, 73
What are the prime factors of 33754?
2, 7, 2411
List the prime factors of 38736.
2, 3, 269
List the prime factors of 1148.
2, 7, 41
What are the prime factors of 1803?
3, 601
What are the prime factors of 2913?
3, 971
What are the prime factors of 2291?
29, 79
What are the prime factors of 2846?
2, 1423
List the prime factors of 7144.
2, 19, 47
What are the prime factors of 6002?
2, 3001
List the prime factors of 640.
2, 5
List the prime factors of 40523.
7, 827
What are the prime factors of 128804?
2, 13, 2477
What are the prime factors of 12223?
17, 719
What are the prime factors of 3544?
2, 443
What are the prime factors of 7198?
2, 59, 61
What are the prime factors of 3511?
3511
List the prime factors of 1454.
2, 727
List the prime factors of 40505.
5, 8101
What are the prime factors of 3501?
3, 389
What are the prime factors of 11888?
2, 743
List the prime factors of 23125.
5, 37
What are the prime factors of 7130?
2, 5, 23, 31
List the prime factors of 62271.
3, 11, 17, 37
What are the prime factors of 37792?
2, 1181
List the prime factors of 29263.
13, 2251
List the prime factors of 528.
2, 3, 11
What are the prime factors of 2327?
13, 179
List the prime factors of 822.
2, 3, 137
What are the prime factors of 164?
2, 41
What are the prime factors of 41350?
2, 5, 827
What are the prime factors of 5672?
2, 709
What are the prime factors of 16753?
11, 1523
What are the prime factors of 19700?
2, 5, 197
List the prime factors of 16997.
23, 739
List the prime factors of 10951.
47, 233
List the prime factors of 501.
3, 167
List the prime factors of 1568.
2, 7
List the prime factors of 40130.
2, 5, 4013
What are the prime factors of 16502?
2, 37, 223
What are the prime factors of 24650?
2, 5, 17, 29
What are the prime factors of 81337?
163, 499
What are the prime factors of 5022?
2, 3, 31
What are the prime factors of 9710?
2, 5, 971
What are the prime factors of 50239?
7, 7177
List the prime factors of 35852.
2, 8963
List the prime factors of 431.
431
List the prime factors of 1416.
2, 3, 59
List the prime factors of 22212.
2, 3, 617
List the prime factors of 4461.
3, 1487
List the prime factors of 10404.
2, 3, 17
What are the prime factors of 798?
2, 3, 7, 19
List the prime factors of 55472.
2, 3467
List the prime factors of 580.
2, 5, 29
What are the prime factors of 3821?
3821
List the prime factors of 7557.
3, 11, 229
List the prime factors of 50587.
50587
What are the prime factors of 2979?
3, 331
What are the prime factors of 22445?
5, 67
List the prime factors of 12897.
3, 1433
What are the prime factors of 473?
11, 43
What are the prime factors of 661?
661
List the prime factors of 912.
2, 3, 19
What are the prime factors of 1113?
3, 7, 53
List the prime factors of 8036.
2, 7, 41
What are the prime factors of 7302?
2, 3, 1217
What are the prime factors of 1564?
2, 17, 23
List the prime factors of 36239.
7, 31, 167
List the prime factors of 148700.
2, 5, 1487
List the prime factors of 3227.
7, 461
What are the prime factors of 5671?
53, 107
What are the prime factors of 21040?
2, 5, 263
List the prime factors of 578.
2, 17
What are the prime factors of 2415?
3, 5, 7, 23
What are the prime factors of 16506?
2, 3, 7, 131
What are the prime factors of 178?
2, 89
List the prime factors of 3255.
3, 5, 7, 31
What are the prime factors of 20012?
2, 5003
What are the prime factors of 34324?
2, 8581
What are the prime factors of 379?
379
What are the prime factors of 811?
811
List the prime factors of 99983.
13, 7691
What are the prime factors of 3231?
3, 359
What are the prime factors of 23428?
2, 5857
List the prime factors of 66055.
5, 11, 1201
What are the prime factors of 160413?
3, 11, 4861
List the prime factors of 780.
2, 3, 5, 13
List the prime factors of 7130.
2, 5, 23, 31
What are the prime factors of 8129?
11, 739
What are the prime factors of 2308?
2, 577
What are the prime factors of 899?
29, 31
List the prime factors of 68315.
5, 13, 1051
List the prime factors of 14465.
5, 11, 263
What are the prime factors of 12647?
12647
List the prime factors of 1068.
2, 3, 89
What are the prime factors of 1935?
3, 5, 43
What are the prime factors of 118?
2, 59
What are the prime factors of 6213?
3, 19, 109
What are the prime factors of 46126?
2, 23063
What are the prime factors of 5472?
2, 3, 19
List the prime factors of 687.
3, 229
What are the prime factors of 320?
2, 5
List the prime factors of 33.
3, 11
What are the prime factors of 11387?
59, 193
What are the prime factors of 459?
3, 17
List the prime factors of 11941.
11941
List the prime factors of 25382.
2, 7, 37
List the prime factors of 6925.
5, 277
What are the prime factors of 5160?
2, 3, 5, 43
What are the prime factors of 5417?
5417
What are the prime factors of 1012?
2, 11, 23
List the prime factors of 144.
2, 3
What are the prime factors of 49687?
11, 4517
List the prime factors of 975.
3, 5, 13
List the prime factors of 127744.
2, 499
List the prime factors of 35151.
3, 11717
What are the prime factors of 1804?
2, 11, 41
List the prime factors of 20702.
2, 11, 941
List the prime factors of 6619.
6619
What are the prime factors of 34611?
3, 83, 139
List the prime factors of 55194.
2, 3, 9199
What are the prime factors of 491?
491
List the prime factors of 11981.
11981
List the prime factors of 3480.
2, 3, 5, 29
What are the prime factors of 1158?
2, 3, 193
What are the prime factors of 24147?
3, 2683
List the prime factors of 4030.
2, 5, 13, 31
What are the prime factors of 44736?
2, 3, 233
What are the prime factors of 520?
2, 5, 13
What are the prime factors of 113500?
2, 5, 227
What are the prime factors of 1623?
3, 541
What are the prime factors of 435?
3, 5, 29
List the prime factors of 3732.
2, 3, 311
List the prime factors of 4293.
3, 53
What are the prime factors of 48553?
23, 2111
What are the prime factors of 2924?
2, 17, 43
What are the prime factors of 593?
593
List the prime factors of 85914.
2, 3, 37, 43
What are the prime factors of 1497?
3, 499
List the prime factors of 7257.
3, 41, 59
What are the prime factors of 2216?
2, 277
List the prime factors of 1973.
1973
List the prime factors of 398.
2, 199
What are the prime factors of 5019?
3, 7, 239
What are the prime factors of 1383?
3, 461
List the prime factors of 11154.
2, 3, 11, 13
List the prime factors of 1121.
19, 59
What are the prime factors of 4089?
3, 29, 47
What are the prime factors of 711?
3, 79
What are the prime factors of 129?
3, 43
List the prime factors of 3062.
2, 1531
What are the prime factors of 20731?
20731
List the prime factors of 410.
2, 5, 41
List the prime factors of 40394.
2, 19, 1063
What are the prime factors of 46565?
5, 67, 139
What are the prime factors of 13794?
2, 3, 11, 19
What are the prime factors of 401?
401
What are the prime factors of 41607?
3, 23, 67
What are the prime factors of 6288?
2, 3, 131
List the prime factors of 1390.
2, 5, 139
What are the prime factors of 12539?
12539
List the prime factors of 6382.
2, 3191
What are the prime factors of 277?
277
List the prime factors of 734.
2, 367
What are the prime factors of 3985?
5, 797
List the prime factors of 5010.
2, 3, 5, 167
What are the prime factors of 9455?
5, 31, 61
List the prime factors of 855.
3, 5, 19
List the prime fact